posite?
False
Is 2443867 composite?
False
Is 6917489 prime?
True
Is 564607 composite?
False
Is 5970761 prime?
False
Is 55166401 composite?
False
Is 1414597 a prime number?
True
Is 14343997 prime?
True
Is 62856983 prime?
False
Is 17969557 a composite number?
True
Is 3906589 composite?
True
Is 257051651 a prime number?
True
Is 1222561 prime?
True
Is 12959431 a composite number?
False
Is 39672743 a composite number?
True
Is 12804173 a composite number?
False
Is 8017109 prime?
False
Is 63948601 a prime number?
False
Is 35372713 composite?
True
Is 888923 prime?
False
Is 2423449 composite?
True
Is 3393997 prime?
True
Is 1111735 a prime number?
False
Is 622740823 a composite number?
False
Is 40970737 a composite number?
False
Is 9096313 prime?
True
Is 14242661 a composite number?
True
Is 34449013 a composite number?
True
Is 43249243 composite?
False
Is 13595119 a composite number?
False
Is 29797717 a prime number?
True
Is 26663171 prime?
True
Is 47610517 a prime number?
True
Is 3985571 prime?
False
Is 2691571 a prime number?
True
Is 30037381 a composite number?
True
Is 5287141 composite?
False
Is 402828123 prime?
False
Is 3030661 a composite number?
False
Is 2061037 prime?
False
Is 14303365 prime?
False
Is 388829 a composite number?
True
Is 22689319 a prime number?
True
Is 7665881 a prime number?
True
Is 273162797 prime?
False
Is 11064191 composite?
False
Is 647020253 prime?
False
Is 28408999 composite?
False
Is 146194619 composite?
False
Is 8246201 a prime number?
True
Is 103456519 prime?
True
Is 44055931 prime?
True
Is 5832803 composite?
False
Is 3239539 composite?
False
Is 174550357 a composite number?
True
Is 845644529 composite?
False
Is 20645393 a composite number?
True
Is 15084739 composite?
True
Is 4046377 composite?
False
Is 1193247789 prime?
False
Is 5159905 a composite number?
True
Is 500639021 prime?
False
Is 8889722 a prime number?
False
Is 150143453 a composite number?
True
Is 73315553 a composite number?
False
Is 169171 prime?
False
Is 1605039 a composite number?
True
Is 369749195 a prime number?
False
Is 37781831 a composite number?
False
Is 257301749 a composite number?
True
Is 274103 composite?
False
Is 3923399 composite?
False
Is 23038721 prime?
False
Is 276333023 a composite number?
False
Is 16810097 composite?
False
Is 12673417 prime?
False
Is 244087 prime?
True
Is 43955533 a composite number?
False
Is 22161599 a composite number?
False
Is 869287 composite?
True
Is 731971301 a composite number?
False
Is 401701 composite?
True
Is 2147783 prime?
False
Is 499601 a composite number?
False
Is 1385693 prime?
True
Is 2014963 a composite number?
True
Is 49245491 prime?
True
Is 47487361 a composite number?
True
Is 2758267 a composite number?
True
Is 32071301 a composite number?
False
Is 111311 composite?
True
Is 18545491 composite?
True
Is 22540153 a prime number?
True
Is 8662831 a prime number?
True
Is 5215721 prime?
False
Is 11507641 a composite number?
False
Is 544215671 prime?
True
Is 69491297 composite?
False
Is 176150251 a prime number?
False
Is 25638631 prime?
True
Is 225434338 composite?
True
Is 2919799 prime?
False
Is 75926027 a composite number?
False
Is 20593217 composite?
False
Is 977316635 a prime number?
False
Is 133536607 composite?
True
Is 409615837 composite?
True
Is 86872861 composite?
False
Is 12090487 prime?
True
Is 8027563 composite?
False
Is 613103 composite?
True
Is 113233859 composite?
True
Is 69733751 a composite number?
True
Is 26844769 a composite number?
True
Is 5841961 composite?
False
Is 120279277 a composite number?
False
Is 13658257 a composite number?
False
Is 7956699 composite?
True
Is 180347 composite?
False
Is 77907577 a composite number?
True
Is 354529 prime?
False
Is 4459993 a prime number?
True
Is 24426221 a prime number?
True
Is 2328217 a composite number?
False
Is 57525097 prime?
False
Is 2047201 composite?
True
Is 9649729 prime?
True
Is 79200577 a prime number?
True
Is 2355797 a prime number?
False
Is 185870011 prime?
True
Is 2030003119 composite?
True
Is 15208327 composite?
False
Is 90768737 a composite number?
False
Is 90133265 a composite number?
True
Is 13112567 prime?
False
Is 10724321 prime?
True
Is 242616607 composite?
True
Is 49276457 a composite number?
False
Is 757033 prime?
False
Is 16798799 prime?
True
Is 93510383 a prime number?
True
Is 35989909 a prime number?
False
Is 22744667 a prime number?
False
Is 20792087 prime?
False
Is 47037626 a prime number?
False
Is 117031 a prime number?
False
Is 13144331 a prime number?
True
Is 294527 composite?
True
Is 46399277 composite?
False
Is 8452529 a composite number?
False
Is 8604962 composite?
True
Is 16688047 composite?
False
Is 18377633 a composite number?
False
Is 1994723 a prime number?
False
Is 4703311 a composite number?
False
Is 809869 composite?
False
Is 3493507 a prime number?
True
Is 4510813 a prime number?
True
Is 150194203 prime?
True
Is 42984139 a prime number?
False
Is 12987515 a composite number?
True
Is 2655607 composite?
False
Is 391085389 prime?
True
Is 64366343 composite?
False
Is 84750823 composite?
True
Is 10056157 prime?
True
Is 320469419 a prime number?
False
Is 553659146 prime?
False
Is 80048473 prime?
False
Is 133786937 a composite number?
False
Is 29302699 composite?
True
Is 136444673 a prime number?
True
Is 132151211 a composite number?
False
Is 7246411 composite?
True
Is 97100207 a composite number?
True
Is 32704769 a prime number?
True
Is 1493011 prime?
False
Is 1471705 a prime number?
False
Is 117748739 a prime number?
True
Is 4370999 composite?
True
Is 240811 prime?
True
Is 25545965 composite?
True
Is 712724741 a composite number?
False
Is 55456279 a prime number?
False
Is 188839301 a prime number?
False
Is 59225707 a prime number?
True
Is 1935509 composite?
False
Is 64663945 a prime number?
False
Is 12269893 composite?
True
Is 3698327 a composite number?
False
Is 79579 a composite number?
False
Is 15695749 a composite number?
True
Is 17051231 a prime number?
True
Is 2952277 a prime number?
False
Is 2123417 prime?
False
Is 11830529 prime?
False
Is 5467441 a prime number?
False
Is 103562057 a prime number?
True
Is 164308259 prime?
True
Is 8749009 a prime number?
False
Is 2500259 a prime number?
False
Is 192130441 prime?
False
Is 12676595 composite?
True
Is 1684477 prime?
True
Is 2973085 a composite number?
True
Is 33101 a composite number?
True
Is 30443 prime?
False
Is 39273031 composite?
True
Is 13759594 composite?
True
Is 1850671 a prime number?
False
Is 1491517 a prime number?
True
Is 3797327 a composite number?
False
Is 125814193 prime?
False
Is 102196333 a composite number?
True
Is 8858914 a prime number?
False
Is 3466153 composite?
True
Is 1963873 composite?
False
Is 110235221 prime?
True
Is 4611941 prime?
False
Is 665255777 a prime number?
True
Is 4195421 a composite number?
False
Is 179442049 prime?
True
Is 1091329 a composite number?
False
Is 2860574 a prime number?
False
Is 85303601 a composite number?
False
Is 1632551 a composite number?
True
Is 65933197 a prime number?
False
Is 272528713 composite?
False
Is 248839223 a prime number?
False
Is 455417 prime?
False
Is 14328653 a composite number?
False
Is 5348909 prime?
True
Is 1397909 a composite number?
False
Is 3190129 a composite number?
False
Is 14994809 composite?
True
Is 724249 a prime number?
False
Is 10971127 composite?
True
Is 16638211 prime?
False
Is 34459141 prime?
False
Is 22362929 composite?
True
Is 75472219 composite?
True
Is 39003677 prime?
True
Is 47894767 a composite number?
False
Is 11895193 prime?
False
Is 109145171 composite?
False
Is 38348029 composite?
False
Is 50614687 a prime number?
False
Is 717822133 composite?
True
Is 1216151 a prime number?
True
Is 257228203 prime?
True
Is 2567671 a composite number?
False
Is 21838907 a composite number?
False
Is 248613359 composite?
False
Is 166026547 composite?
False
Is 2297653 composite?
False
Is 8691313 prime?
True
Is 285697 a composite number?
False
Is 73371697 prime?
False
Is 2383347 composite?
True
Is 6640339 a composite number?
False
Is 4097689 a prime number?
False
Is 1603157 prime?
False
Is 978477 a prime number?
False
Is 4738533 composite?
True
Is 277844759 prime?
True
Is 61448861 composite?
False
Is 73808521 a composite number?
True
Is 863439643 a prime number?
False
Is 8116601 